ue
Does 87 divide 142324060?
False
Is 9721248 a multiple of 2?
True
Does 26 divide 717278068?
True
Is 42 a factor of 1878168726?
True
Is 41 a factor of 3512516?
False
Does 535 divide 40172080?
True
Does 974 divide 1286210159?
False
Does 1301 divide 53804156?
True
Is 55820135 a multiple of 35?
True
Is 238 a factor of 23020146?
False
Is 10 a factor of 35880910?
True
Is 723098973 a multiple of 15?
False
Is 244 a factor of 37529083?
False
Is 16 a factor of 96145616?
True
Is 878 a factor of 113053914?
True
Is 71 a factor of 4745781503?
True
Is 274 a factor of 328489563?
False
Is 457 a factor of 65546424?
False
Is 1570151048 a multiple of 8?
True
Is 414 a factor of 19421223?
False
Is 753546829 a multiple of 978?
False
Is 992268715 a multiple of 8?
False
Is 22418376 a multiple of 391?
True
Is 3 a factor of 332425793?
False
Is 699 a factor of 2946043411?
False
Is 884 a factor of 18678710?
False
Is 11 a factor of 3056602?
False
Is 14 a factor of 1638868?
True
Does 3255 divide 222513825?
False
Is 254928465 a multiple of 45?
True
Is 14103708 a multiple of 4?
True
Is 5265 a factor of 967680675?
True
Is 155 a factor of 17295728?
False
Is 1220380 a multiple of 35?
True
Does 131 divide 269452705?
False
Does 3805 divide 12074257?
False
Is 164660496 a multiple of 368?
True
Is 1651538865 a multiple of 85?
True
Is 2622064723 a multiple of 62?
False
Is 13 a factor of 1026004057?
True
Is 1491 a factor of 285308814?
True
Is 907 a factor of 59516433?
True
Does 10 divide 1330181169?
False
Is 1113206210 a multiple of 1247?
False
Is 20274504 a multiple of 8?
True
Is 1072 a factor of 9637126?
False
Is 947100 a multiple of 420?
True
Is 777430201 a multiple of 19?
True
Does 126 divide 62663984?
False
Is 106 a factor of 2916265?
False
Does 37 divide 16026423?
False
Does 234 divide 109809151?
False
Does 495 divide 510298046?
False
Is 671063526 a multiple of 14?
True
Is 3060 a factor of 326619567?
False
Is 39 a factor of 1151824050?
True
Is 382 a factor of 749789980?
False
Is 8 a factor of 32283777?
False
Does 28 divide 47024572?
True
Is 21945924 a multiple of 348?
True
Does 256 divide 13015028?
False
Is 29 a factor of 27369980?
False
Does 293 divide 1138070893?
True
Does 1136 divide 15331551?
False
Does 166 divide 10596969?
False
Is 109 a factor of 22312111?
False
Is 32 a factor of 339910816?
True
Is 121778640 a multiple of 12?
True
Does 3 divide 242182195?
False
Is 3845 a factor of 667488770?
False
Is 6390120 a multiple of 47?
True
Does 14 divide 52834866?
True
Is 25 a factor of 150973325?
True
Is 103403347 a multiple of 13?
False
Is 359632760 a multiple of 20?
True
Is 14 a factor of 115542496?
False
Does 10 divide 623813951?
False
Does 29 divide 323340169?
True
Is 256758994 a multiple of 104?
False
Is 11687632 a multiple of 28?
False
Does 9 divide 15053247?
True
Does 191 divide 854435362?
False
Is 1746604600 a multiple of 4700?
True
Is 90890686 a multiple of 3937?
False
Is 1239109729 a multiple of 10187?
False
Does 3 divide 6484655?
False
Does 78 divide 23049203?
False
Is 20 a factor of 50548720?
True
Is 18420077 a multiple of 13?
True
Is 54 a factor of 49853232?
True
Does 16 divide 1061821385?
False
Does 3323 divide 346385412?
False
Is 48436207 a multiple of 21?
False
Is 14141111 a multiple of 13?
False
Is 709739524 a multiple of 52?
True
Is 762098674 a multiple of 713?
False
Does 33 divide 1012477752?
True
Does 79 divide 3946366?
True
Is 8 a factor of 16775566?
False
Does 19 divide 1004776?
False
Does 152 divide 1320728456?
True
Is 22 a factor of 18230872?
True
Is 44 a factor of 14947680?
True
Is 208190676 a multiple of 2126?
True
Does 12 divide 302741076?
True
Is 289 a factor of 209470355?
False
Is 35 a factor of 99160116?
False
Is 35416416 a multiple of 16?
True
Does 21 divide 154693077?
True
Does 12 divide 1111224?
True
Is 67 a factor of 98703110?
False
Is 721674024 a multiple of 358?
False
Is 5 a factor of 371866596?
False
Does 1035 divide 11110079?
False
Does 200 divide 1632911034?
False
Does 16 divide 63429840?
True
Is 309595215 a multiple of 177?
False
Does 326 divide 551582367?
False
Is 226818389 a multiple of 1707?
False
Does 219 divide 122203752?
True
Is 47543751 a multiple of 1284?
False
Is 3319373547 a multiple of 4347?
True
Does 3373 divide 129783371?
False
Does 2516 divide 443661376?
True
Is 111578272 a multiple of 122?
True
Does 16 divide 82958096?
True
Does 16 divide 7493376?
True
Does 39 divide 85622739?
False
Is 26 a factor of 41094352?
True
Is 184655238 a multiple of 1476?
False
Is 664578315 a multiple of 4677?
True
Is 175457637 a multiple of 1958?
False
Is 60 a factor of 613132633?
False
Is 8 a factor of 923525320?
True
Is 991 a factor of 108732697?
False
Does 17 divide 43227685?
True
Is 361 a factor of 210305192?
False
Does 110 divide 3683784170?
True
Is 11 a factor of 144008282?
True
Is 59856050 a multiple of 57?
False
Is 163546665 a multiple of 1765?
True
Is 1720985123 a multiple of 13?
True
Is 83 a factor of 1957374?
False
Does 1233 divide 191094116?
False
Does 18 divide 7518960?
True
Is 900 a factor of 2540155500?
True
Does 174 divide 6745184?
False
Is 15 a factor of 107298902?
False
Is 1118 a factor of 2448143854?
True
Does 579 divide 236633247?
True
Is 3 a factor of 4306565?
False
Is 7 a factor of 6954689?
True
Is 208598260 a multiple of 130?
True
Is 352517244 a multiple of 277?
False
Does 167 divide 18634315?
False
Is 30866643 a multiple of 711?
True
Is 5458 a factor of 982318460?
False
Is 1317373128 a multiple of 2616?
True
Does 142 divide 45200501?
False
Is 281267222 a multiple of 183?
False
Does 11 divide 18064948?
True
Is 245434538 a multiple of 1279?
False
Is 58 a factor of 185312192?
False
Does 908 divide 321783396?
True
Is 1033607481 a multiple of 8453?
True
Is 590 a factor of 442094670?
True
Is 199597620 a multiple of 12?
True
Is 45 a factor of 16585245?
True
Is 64 a factor of 1460034?
False
Is 31 a factor of 203837214?
True
Does 1480 divide 170157785?
False
Does 3425 divide 630922675?
True
Does 9 divide 27059805?
True
Is 141 a factor of 1351283370?
True
Is 322750780 a multiple of 935?
True
Does 645 divide 226725061?
False
Is 5330107 a multiple of 152?
False
Is 58 a factor of 24651489?
False
Is 7 a factor of 40778602?
False
Is 30 a factor of 12167390?
False
Does 625 divide 16645625?
True
Does 3144 divide 330742512?
True
Does 807 divide 21534795?
True
Is 1992 a factor of 803979628?
False
Is 13 a factor of 545922399?
False
Is 26910049 a multiple of 564?
False
Is 2189266912 a multiple of 6?
False
Is 480953058 a multiple of 115?
False
Does 118 divide 128174432?
True
Is 140 a factor of 3248510?
False
Does 358 divide 16218673?
False
Is 10648588 a multiple of 31?
False
Is 84 a factor of 242291543?
False
Is 52210 a multiple of 4?
False
Is 309 a factor of 9792210?
True
Does 11 divide 1769229?
True
Is 141067923 a multiple of 746?
False
Does 596 divide 10794156?
True
Is 149911096 a multiple of 1552?
False
Does 16 divide 536818016?
True
Is 698107130 a multiple of 1709?
False
Is 23933691 a multiple of 50?
False
Does 8 divide 7256536?
True
Does 63 divide 176584338?
True
Does 1287 divide 2679889212?
True
Does 5 divide 903667745?
True
Is 782580397 a multiple of 14?
False
Does 33 divide 236670735?
False
Is 3637686 a multiple of 109?
False
Is 15160 a factor of 3354859001?
False
Is 879 a factor of 69437484?
True
Is 840 a factor of 232625236?
False
Is 190 a factor of 5482216110?
True
Does 2722 divide 3348860268?
True
Is 7 a factor of 6609533?
True
Is 329063433 a multiple of 1931?
False
Is 701569578 a multiple of 13?
False
Does 76 divide 83877376?
False
Is 411 a factor of 305785644?
True
Does 56 divide 33608512?
True
Is 2172 a factor of 24694034?
False
Does 1945 divide 199001380?
False
Is 241976842 a multiple of 1234?
False
Is 7 a factor of 101101315?
True
Does 185 divide 64428900?
False
Is 7743180 a multiple of 1860?
True
Does 33 divide 112091937?
False
Does 762 divide 1930472136?
True
Is 327 a factor of 63870621?
True
Is 24979444 a multiple of 267?
False
Is 11 a factor of 432629423?
False
Does 50 divide 93393750?
True
Is 135 a factor of 7356443?
False
Does 13 divide 6463598?
False
Does 9 divide 323806930?
False
Is 47 a factor of 136349444?
True
Is 132 a factor of 2395486754?
False
Is 23 a factor of 25717984?
False
Does 434 divide 43889552?
True
Is 